mon divisor of n and 14.
7
Let x(u) = 242*u**2 + 123*u - 254. Let y be x(2). Calculate the highest common divisor of 780 and y.
60
Let d = 879 - 159. Suppose 45*c = 55*c - d. Calculate the greatest common factor of 168 and c.
24
Let i be -72*(270/(-8) + 6/2). Suppose -12*g + i = -474. Let b be (15/21 - -1)/(8/g). Calculate the greatest common divisor of 12 and b.
12
Suppose 0 = -z + 3*r + 1302, 4*z - 2*r - 2009 - 3159 = 0. What is the highest common divisor of z and 30?
30
Let m be (30 + -32)/(2/(-5)). Suppose -r - 4*i = 11, r - 10 - 15 = m*i. What is the highest common factor of r and 135?
5
Let p(h) = 113 + 113 + 2*h + 4*h**3 - 2*h**2 - 231. Let q be p(3). What is the highest common divisor of 21 and q?
7
Suppose 0 = -5*w - 6*w. Let g be 4*(-4 - -9) + w + -2. What is the greatest common factor of g and 12?
6
Suppose 0 = -5*w - 10, 730 + 1232 = 2*m - w. Suppose -m = -12*y - 404. Calculate the highest common factor of y and 384.
48
Suppose -559 = 93*l - 136*l. Calculate the greatest common divisor of 24 and l.
1
Let f(i) = 14*i + 309. Let j be f(-22). Suppose 4*p - 4*r = -p + 200, 2*r + 82 = 2*p. Suppose p = -b + 5*b. What is the greatest common divisor of j and b?
1
Let q = -32 - -58. Suppose q = 3*x + 4*m - 0*m, -5*x - 5*m + 35 = 0. Let c be x*16*((-2)/(-4) - 0). Calculate the greatest common factor of c and 128.
16
Let y = 2791 - 2695. Calculate the greatest common factor of y and 222.
6
Let q(r) = -r**3 + 5*r**2 + 2*r + 9. Let z be q(5). Let b(k) = 2*k**3 - 22*k**2 - 17*k + 20. Let d be b(13). Calculate the highest common factor of d and z.
19
Let h be ((-34)/3)/(83/(-249)). What is the highest common divisor of 272 and h?
34
Let l be (-574)/861*(-14 - -2)*171. What is the greatest common divisor of l and 72?
72
Let a(z) = z**3 - 23*z**2 + 73*z - 1101. Let u be a(22). What is the greatest common factor of u and 11487?
21
Let r be 1/6 - 5612/(-24). Let t = 46 - 44. Let u be (t*3)/((-5)/(-15 + 0)). What is the highest common divisor of r and u?
18
Suppose 0 = -7*j - 5*p + p + 3052, -5*j + 2186 = 2*p. Calculate the highest common divisor of 520 and j.
40
Let c = -216 - -304. Let g be (6/8)/(6/144). Let s be 2 - 13/((-39)/g). What is the highest common factor of s and c?
8
Suppose -7936 + 7736 = -20*g. Let q(l) = -2 - 40*l + 2. Let v be q(-2). What is the greatest common factor of g and v?
10
Let i = 15212 - 4388. Suppose -58*a + 34*a + i = 0. What is the greatest common divisor of 82 and a?
41
Let n be 1083/9 + ((-9)/(-3))/(-9). Let o be (1 + 0)/(-1 + n/114). What is the highest common divisor of o and 76?
19
Let p be ((-231)/(-6))/(-7)*(-12 + -6). Suppose p = 7*x - 531. Let l = 33 + -3. What is the greatest common factor of x and l?
30
Suppose 0 = 5*h - 5. Suppose -4*w - 20 = 0, -6*n - w - h = -2*n. Let a = 2174 - 2173. Calculate the highest common divisor of a and n.
1
Let b be 1 - 1 - (-18 + 7 + 3)/2. What is the highest common factor of b and 7744?
4
Let m(s) = 8*s**2 - 173*s - 67. Let w be m(23). Calculate the highest common divisor of 258 and w.
6
Suppose 5*c = c - 2*t + 3350, -15 = -3*t. What is the greatest common divisor of c and 2672?
167
Suppose -9020 = -5*h - 5*z + 4890, -4*h + 11129 = 3*z. What is the greatest common divisor of 121 and h?
121
Let t = -37 + 49. Suppose t*z - 99 = z. Suppose z*c + 20 = 191. Calculate the highest common divisor of 209 and c.
19
Suppose 64*w - 4969 = -105. Suppose -4*i = -4 - 12. What is the highest common divisor of i and w?
4
Suppose -4*j + 229 = -43. Let n be 17/(-5)*(-2960)/148. Calculate the highest common factor of j and n.
68
Let s = 428 + -404. Suppose -5*z + 3265 + 3465 = 0. Let a be z/7 - (-4)/(-14). Calculate the highest common divisor of a and s.
24
Let w(k) = -k**2 - 14*k + 32. Let b(a) = 4*a - 28. Let c be b(3). Let d be w(c). Suppose d = 3*g - 158 + 23. What is the highest common factor of 30 and g?
15
Suppose 5*p = -0*b + 4*b - 637, 3*p + 793 = 5*b. Suppose -2*d - 5*o = -120, 3*d - 2*o = b + 60. Calculate the greatest common divisor of d and 42.
14
Suppose 3*q + 190 = 2*q + 1308. Calculate the greatest common divisor of 52 and q.
26
Let p be -9*-30*96/324. Suppose 4*w - 143 = 3*v, 5 = -w - 5*v + 12. What is the greatest common divisor of p and w?
16
Suppose 12042 - 6811 = 54*y - 11887. Calculate the highest common divisor of y and 25043.
317
Let x(j) be the second derivative of -j**4/12 - 7*j**3/3 + 8*j**2 - 2*j - 54. Let r be x(-8). What is the greatest common factor of r and 24?
8
Suppose -158*k + 435 = -157*k. Suppose 16*l + k = 21*l. What is the highest common divisor of l and 957?
87
Let l = -136 - -124. Let c(v) = -v + 44. Let x be c(l). Suppose 3*j - 15 = 6. Calculate the highest common factor of x and j.
7
Let c(p) = -p**2 + 121*p + 912. Let n be c(-7). What is the greatest common factor of 592 and n?
16
Let f = -85 - -82. Let p be 8/(-3)*-15*f/(-12). Let n be p*(-2)/((-40)/28). Calculate the greatest common divisor of 98 and n.
14
Suppose 0 = x + 5*y + 1, 0 = 4*x - 6*y - 87 + 13. What is the greatest common divisor of x and 1330?
14
Suppose -2*r - 70 = -80. Suppose -a = 5*b - 4*b - 25, r*a - b = 143. Calculate the greatest common divisor of a and 420.
28
Let g = -78 + 81. Let c be (1/((-1)/14))/(g + -1). Let w be (-1850)/(-6) - c/(-21). Calculate the highest common divisor of w and 28.
28
Let z be 2780/15 + (-28)/21. Let i = 55 + -30. Suppose -i = -3*l + 44. Calculate the highest common divisor of z and l.
23
Suppose -11458 - 5433 = -8*y + 133. Calculate the highest common divisor of y and 399.
133
Let z(d) = d**3 + 6*d**2 - 3*d + 46. Let i be z(-7). Let m(t) = -8*t + 149. Let p be m(i). Calculate the greatest common divisor of 11 and p.
1
Suppose 0 = -0*i - 3*i + 270. Let l be (2 - 5) + 4 - (71 - 80). Calculate the highest common factor of i and l.
10
Suppose 59*y - 62*y - 351 = 0. Let j = -102 - y. What is the greatest common divisor of j and 10?
5
Let n = -238 - -282. Suppose -4*q = 3*u - n, q - 4 = -q. Let k = 5 + -2. What is the highest common divisor of u and k?
3
Suppose -v + 666 = 2*m, 3*v - 624 = -4*m + 714. What is the highest common divisor of m and 45?
15
Suppose 4*v = 8, -12*v + 16*v + 3174 = 2*r. Calculate the greatest common divisor of r and 129.
43
Let s = -148 + 172. Suppose 20 = 25*h - s*h. Let t(g) = g + 18. Let c be t(-14). Calculate the highest common factor of c and h.
4
Suppose 24 = -4*h, 4*c + 3*h + 93 = 9*c. Let n = -72 - -327. What is the highest common divisor of c and n?
15
Let v = -94 - -97. Suppose 0 = v*h - 22 - 29. Calculate the greatest common factor of h and 1513.
17
Let y be 1/(-1)*1 + 0. Let m be -5*((-5)/y)/(-5). Suppose m*k - 251 = 244. What is the highest common factor of k and 11?
11
Suppose -2*v = 5*k - 527, -4*v + 1075 = -0*v + 3*k. Let q = -257 + v. What is the greatest common divisor of q and 378?
14
Let h be 19/57 - (-389)/3. Suppose -b + 2*b - 40 = 4*u, -u = -4*b + h. What is the highest common factor of b and 512?
32
Let p(l) = 2*l + 52. Let k(d) = 2*d. Let m be k(0). Let a be p(m). Calculate the highest common factor of a and 26.
26
Suppose -2*n + 0*n = 5*l - 249, -4*l = 3*n - 391. Suppose -2*g + n = 17. Let y be 90/4 + 6/4. Calculate the highest common divisor of y and g.
12
Let j(b) = -b**3 + 24*b**2 - 45*b + 91. Let q be j(22). What is the highest common factor of q and 3657?
69
Suppose 7*z + 24 + 18 = 0. Let k be ((-4)/(-5)*-1)/(z/105). Let s = -2 + k. What is the greatest common divisor of s and 30?
6
Let g be 0 + 7 + 78 + -13. What is the highest common divisor of 456 and g?
24
Let a = -9983 - -10195. Calculate the greatest common divisor of a and 16006.
106
Let s = -28 - -31. Suppose -s*g + 2*g + 522 = 0. Suppose -5 = 3*y + 2*y, 5*v - 2*y - g = 0. Calculate the greatest common divisor of v and 13.
13
Let l = 4450 - 4437. Suppose -3*z - 15 + 6 = 0. Let h(q) = -q**3 + q**2 - q. Let f be h(z). What is the highest common divisor of f and l?
13
Suppose 6*i = 3*i + 3*k + 186, -2*k + 136 = 2*i. Calculate the greatest common divisor of i and 741.
13
Let o(a) = 2225*a + 35610. Let d be o(-16). Suppose 0 = -3*m - 15, -3*m = -2*h + 25 + 42. Calculate the greatest common divisor of h and d.
2
Let b be (-12)/(-20)*14/(84/150). What is the highest common factor of 745 and b?
5
Let n = -18 + 29. Let a(w) = 2 + 4*w + 24 - 95 + 36. L